{"id":1651,"date":"2024-03-05T12:39:26","date_gmt":"2024-03-05T12:39:26","guid":{"rendered":"https:\/\/sorenco.tn\/?page_id=1651"},"modified":"2024-06-11T07:33:48","modified_gmt":"2024-06-11T07:33:48","slug":"notre-mission-2","status":"publish","type":"page","link":"https:\/\/sorenco.tn\/index.php\/notre-mission-2\/","title":{"rendered":"Notre mission"},"content":{"rendered":"<div class=\"wpb-content-wrapper\"><p>[vc_row][vc_column width=\u00a0\u00bb1\/6&Prime;][\/vc_column][vc_column width=\u00a0\u00bb2\/3&Prime;]<div id=\"cz_73460\" class=\"cz_73460 cz_title clr cz_title_pos_inline tac\"><div class=\"cz_title_content\"><div class=\"cz_wpe_content\"><h3 style=\"color: #d60000; text-align: center;\"><span style=\"font-family: inherit; font-size: 38px;\"><span style=\"font-weight: 900; color: #d60000;\">Risque Client<\/span><\/span><\/h3>\n<\/div><\/div><\/div><div class=\"cz_gap clr \" style=\"height: 20px\"><\/div>[\/vc_column][vc_column width=\u00a0\u00bb1\/6&Prime;][\/vc_column][\/vc_row][vc_row][vc_column width=\u00a0\u00bb1\/6&Prime;][\/vc_column][vc_column width=\u00a0\u00bb2\/3&Prime;]<ul id=\"cz_40570\" class=\"cz_40570 cz_stylish_list clr cz_sl_icon_hover_none\"><li class=\"clr\"><div class=\"cz_sl_icon\"><i class=\"fa fa-angle-right mr10\"><\/i><\/div><div><span>Evaluer la sant\u00e9 financi\u00e8re de vos partenaires<\/span><\/div><\/li><li class=\"clr\"><div class=\"cz_sl_icon\"><i class=\"fa fa-angle-right mr10\"><\/i><\/div><div><span>R\u00e9duire le risque client \u00e0 travers nos \u00e9tudes de solvabilit\u00e9<\/span><\/div><\/li><li class=\"clr\"><div class=\"cz_sl_icon\"><i class=\"fa fa-angle-right mr10\"><\/i><\/div><div><span>Anticiper le comportement de paiement avec notre Score et nos conseils en encours de cr\u00e9dit<\/span><\/div><\/li><\/ul><div class=\"cz_gap clr \" style=\"height: 20px\"><\/div><div id=\"cz_84120\" class=\"cz_84120 cz_title clr cz_title_pos_inline tac\"><div class=\"cz_title_content\"><div class=\"cz_wpe_content\"><h3 style=\"color: #d60000; text-align: center;\"><span style=\"font-family: inherit; font-size: 38px;\"><span style=\"font-weight: 900; color: #d60000;\">Recouvrement<\/span><\/span><\/h3>\n<\/div><\/div><\/div><div class=\"cz_gap clr \" style=\"height: 20px\"><\/div><ul id=\"cz_37272\" class=\"cz_37272 cz_stylish_list clr cz_sl_icon_hover_none\"><li class=\"clr\"><div class=\"cz_sl_icon\"><i class=\"fa fa-angle-right mr10\"><\/i><\/div><div><span>Obtenir le paiement de vos factures impay\u00e9es dans les meilleurs d\u00e9lais, tout en pr\u00e9servant votre relation commerciale<\/span><\/div><\/li><\/ul>[\/vc_column][vc_column width=\u00a0\u00bb1\/6&Prime;][\/vc_column][\/vc_row]<\/p>\n<\/div>","protected":false},"excerpt":{"rendered":"<p>[vc_row][vc_column width=\u00a0\u00bb1\/6&Prime;][\/vc_column][vc_column width=\u00a0\u00bb2\/3&Prime;][\/vc_column][vc_column width=\u00a0\u00bb1\/6&Prime;][\/vc_column][\/vc_row][vc_row][vc_column width=\u00a0\u00bb1\/6&Prime;][\/vc_column][vc_column width=\u00a0\u00bb2\/3&Prime;][\/vc_column][vc_column width=\u00a0\u00bb1\/6&Prime;][\/vc_column][\/vc_row] &#8230; <\/p>\n","protected":false},"author":1,"featured_media":0,"parent":0,"menu_order":0,"comment_status":"closed","ping_status":"closed","template":"","meta":{"footnotes":""},"class_list":["post-1651","page","type-page","status-publish","hentry"],"_links":{"self":[{"href":"https:\/\/sorenco.tn\/index.php\/wp-json\/wp\/v2\/pages\/1651","targetHints":{"allow":["GET"]}}],"collection":[{"href":"https:\/\/sorenco.tn\/index.php\/wp-json\/wp\/v2\/pages"}],"about":[{"href":"https:\/\/sorenco.tn\/index.php\/wp-json\/wp\/v2\/types\/page"}],"author":[{"embeddable":true,"href":"https:\/\/sorenco.tn\/index.php\/wp-json\/wp\/v2\/users\/1"}],"replies":[{"embeddable":true,"href":"https:\/\/sorenco.tn\/index.php\/wp-json\/wp\/v2\/comments?post=1651"}],"version-history":[{"count":5,"href":"https:\/\/sorenco.tn\/index.php\/wp-json\/wp\/v2\/pages\/1651\/revisions"}],"predecessor-version":[{"id":1880,"href":"https:\/\/sorenco.tn\/index.php\/wp-json\/wp\/v2\/pages\/1651\/revisions\/1880"}],"wp:attachment":[{"href":"https:\/\/sorenco.tn\/index.php\/wp-json\/wp\/v2\/media?parent=1651"}],"curies":[{"name":"wp","href":"https:\/\/api.w.org\/{rel}","templated":true}]}}